5*p = -0*a - a + 163, 0 = 3*p + 3*a - 105. What is the greatest common divisor of d and p?
1
Let s(i) = i**2 - 15*i - 40. Let v be s(-10). Suppose -633*f = -640*f + v. Calculate the greatest common factor of f and 110.
10
Let s be 16/(-12)*5508/(-144). What is the greatest common divisor of s and 2159?
17
Suppose 33*a - 198 = 8217. Calculate the greatest common factor of 1445 and a.
85
Suppose 2*d - 30456 = -3*g - 2*d, -5*g = 3*d - 50749. What is the highest common divisor of g and 344?
172
Let j = -30652 + 30844. What is the highest common factor of 4128 and j?
96
Let f(g) = 20*g + 7373. Let y be f(0). Calculate the greatest common factor of y and 101.
101
Let p = 30414 - 30398. Calculate the greatest common factor of 3664 and p.
16
Let n = 559 - 481. Calculate the greatest common factor of n and 7072.
26
Let q = 5207 - 4451. What is the greatest common divisor of q and 135?
27
Let h(v) = 79*v**3 + 6*v**2 - 55*v + 105. Let i be h(2). What is the highest common divisor of 63 and i?
21
Let w = -23 - -26. Suppose -f + w*f - 180 = 0. Suppose 6*p = f + 6. What is the greatest common factor of p and 64?
16
Let o = -17422 + 17756. What is the greatest common divisor of 2 and o?
2
Let c = 170 - 178. Let n(p) = -p**3 - 3*p**2 + 30*p - 14. Let z be n(c). Calculate the greatest common divisor of 12 and z.
6
Let s = -64 - -69. Suppose s*q + 621 = 961. What is the greatest common divisor of 12 and q?
4
Let l be (-11)/22 + 777/6. Calculate the highest common divisor of 96 and l.
3
Suppose a = -6*d + 21230 + 5961, 0 = 5*a + 5. What is the greatest common divisor of d and 309?
103
Let f = -142 + 553. Let z = f - 383. Calculate the greatest common factor of 756 and z.
28
Let m(d) = 2*d**3 + 13*d**2 - 58*d - 17. Let p be m(8). Calculate the highest common factor of p and 165.
55
Suppose -2*g + 241 = s, s + 0*s - 240 = -3*g. Let w(b) = -8*b - 33. Let z be w(-4). Let h be 3 + 12*(3 + z). Calculate the greatest common divisor of h and s.
27
Let v(c) = c**3 + 3*c**2 - 1. Let l be v(-2). Let t be 5*l/15*10. Calculate the highest common factor of t and 310.
10
Let y = 5650 - 5251. Calculate the greatest common factor of y and 105.
21
Let g(l) = -l**2 + 11*l - 8. Let a(d) = 6*d**2 + 7*d - 3. Let t be a(1). Let k be g(t). What is the greatest common factor of k and 5?
1
Suppose q + 3 = 3*p + 84, -p - 95 = -q. What is the greatest common factor of q and 168?
6
Let z = -2143 + 2941. Calculate the highest common factor of z and 228.
114
Let h = -27408 - -27428. Let k be ((-140)/(-6))/(1/3). Calculate the highest common divisor of h and k.
10
Let u(c) be the second derivative of c**4/6 + 2*c**3 - 51*c**2 + 3*c - 7. Let g be u(6). Calculate the highest common divisor of 336 and g.
42
Let b = 10 + -25. Let l(k) = -k**2 - 11*k + 10. Let u be l(-9). Let r = b + u. What is the greatest common factor of r and 13?
13
Suppose 19*b - 16*b - 291 = 0. Suppose -3*x + 146 = -b. What is the highest common factor of 189 and x?
27
Let k(f) be the second derivative of 2*f**3/3 - 18*f**2 - f. Let x = -2417 + 2430. Let g be k(x). What is the greatest common factor of 176 and g?
16
Suppose 4*x = 2*z - 58, -71 = -5*z + z - x. Suppose -y - 4 = -z. What is the greatest common divisor of 45 and y?
15
Let w(p) = -3*p - 5. Let h = -10 - -3. Let x be w(h). Suppose 9*a + 67461 - 67497 = 0. Calculate the highest common factor of x and a.
4
Let r be -5*1 + 83 + (-47)/(235/(-30)). Calculate the greatest common divisor of r and 1788.
12
Let a(k) = -14*k + 2. Let g = -35 - -33. Let r be a(g). Let d be (-15)/(-12) + 4 - (-15)/20. Calculate the greatest common factor of r and d.
6
Let q(o) = 2*o**2 - 483*o + 4693. Let v be q(10). What is the greatest common factor of v and 77742?
63
Let s be (-64)/(-14) - 5 - -277*(-18)/(-21). Calculate the greatest common factor of 1975 and s.
79
Let t(c) = c**3 + 2*c**2 + 3*c + 24. Let n be t(0). Let d(v) = -4*v + 108. Let r be d(n). What is the highest common factor of r and 132?
12
Let u(x) = x**2 + 36*x - 190. Let h be u(-41). What is the highest common divisor of h and 4500?
15
Let l = -34429 - -34432. Let x be 1/(-2)*(1 + -3). Let y be ((-33)/(-4))/(x/4). What is the greatest common divisor of l and y?
3
Let t be 188/(((-32)/20)/(-4)). Suppose -t = -5*q - 4*p, 3*q - 282 = -0*p - 3*p. Suppose -6*j + q = -2. What is the greatest common divisor of j and 12?
4
Suppose 16*z + 138 - 1386 = 0. Calculate the greatest common factor of z and 1534.
26
Let w = -9865 - -9945. Let d be (3/(-7) + (-333)/(-189))*12. Calculate the greatest common divisor of d and w.
16
Suppose -5*m = -2*i - 30051, i + 18032 = 1115*m - 1112*m. Calculate the highest common factor of 7 and m.
7
Let r(v) = v**3 + 2*v**2 + 8*v + 35292. Let b be r(0). Calculate the highest common factor of b and 102.
102
Let z = -162 + 282. Suppose 0 = 3*q + 7*q - z. Let y(i) = i**2 - 2*i - 8. Let c be y(-8). Calculate the greatest common divisor of q and c.
12
Let w(y) = -23*y + 20. Let a(l) = -8*l + 8. Let k(x) = 8*a(x) - 3*w(x). Let z = 24 - 24. Let p be k(z). Calculate the highest common divisor of 52 and p.
4
Suppose -681*v + 715*v = 11628. What is the highest common factor of 6270 and v?
114
Suppose -5*a + 2*r = 680, -4*r = 2*a - 9*r + 251. Let x = 255 + a. Calculate the greatest common divisor of 52 and x.
13
Suppose -32*z - 212 = 21*z. Let a be (5 - -3 - 4) + (z - -2). What is the greatest common divisor of a and 32?
2
Suppose k = v + 12, 6*v - 3*v + 38 = k. Let a be (0 + 12)*v/39. Let q be 3/(-30)*-4*(-110)/a. Calculate the highest common divisor of q and 165.
11
Let h(i) = -90*i + 1587. Let f be h(17). Let x be 27/6*(-380)/(-15). What is the highest common factor of f and x?
57
Let n(h) = 4*h**3 + h**2 - 2*h. Let d be n(1). Suppose -4*j + 16 = 0, 2*y - 5*j + 100 = d*y. What is the greatest common factor of 100 and y?
20
Suppose -15078 + 3332 = -269*b + 5201. What is the greatest common factor of b and 5292?
63
Suppose 20*m + 18*m - 504 = 17*m. Suppose 0 = -2*p - p + 12. Let s be (-2)/(-8) - (-671)/p. Calculate the greatest common factor of s and m.
24
Let y = -196 + -18. Let h = y - -239. Calculate the greatest common divisor of 475 and h.
25
Suppose -1181 - 2179 = -120*o. What is the highest common factor of o and 8596?
28
Let g(y) = y + 38. Let x(z) = -3*z - 15. Let c be x(0). Let m be g(c). Calculate the highest common divisor of m and 299.
23
Let y = 38 - -20. Suppose -4*p + t = -y, t + 4*t = 4*p - 66. Let k be (-1 - -6)/5*p. Calculate the highest common factor of k and 56.
14
Let b(q) = q**2 - q + 6. Let o be b(10). Let t = o - 52. What is the highest common factor of t and 55?
11
Let c(m) = -36*m - 3846. Let f be c(-107). Suppose 0 = 5*s + h - 14, -2*s + h + 7 = -0. What is the greatest common factor of f and s?
3
Suppose -5*q + 1166 = -g, 0 = 4*q - 3*g + 213 - 1137. Suppose 0 = 5*y - 283 + 13. What is the greatest common divisor of q and y?
18
Let s = -43440 + 46058. Calculate the highest common divisor of s and 238.
238
Let u(m) = 144*m - 688. Let p be u(5). Calculate the greatest common divisor of 4448 and p.
32
Let y = 299 - 179. Suppose -8*l + 5*l = y. Let m = -33 - l. What is the greatest common factor of m and 77?
7
Suppose 0 = -8*k + k + 91. Suppose 0 = -2*z - 3*t - 0*t + 54, k = z - 2*t. Let r(f) = 64*f**2 - f. Let b be r(1). What is the highest common factor of z and b?
21
Let u(h) = -16*h**3 - 6*h**2 + 4*h + 53. Let i be u(-5). What is the greatest common divisor of 91 and i?
7
Let o be 4*(-18)/120 - 56/(-10). Suppose 3*t + 19 = -w + 16, 4*w + o*t = 23. What is the highest common divisor of 132 and w?
12
Let m = 6604 - 5414. Calculate the greatest common factor of 770 and m.
70
Suppose -3*u = 4*j - 193, 5*j = u + 95 + 132. Let w be -1*-115*210/150. What is the highest common factor of w and j?
23
Let v = -22047 + 22101. Let z = 43 + 335. Calculate the greatest common divisor of v and z.
54
Suppose -4*h = 4*v - 5460 - 6200, 5*v - 14551 = 3*h. What is the greatest common divisor of 910 and v?
182
Suppose 2*u = 2*c + 9 + 221, c = 5*u - 111. Let b = 126 - c. Suppose 44 = 6*h - 88. What is the highest common factor of h and b?
22
Let a = 304 + -301. Let c be a/(-6) + 22/4 + 2. Suppose -2*q + 3*k + 22 = -0*q, 68 = 5*q - k. Calculate the greatest common divisor of c and q.
7
Let k be (-13 + 16 - (